 - 88 = -4*o + 6*o. Let w = f + k. Is w a composite number?
False
Suppose -92 = -3*u + 49. Is u a composite number?
False
Let n(b) = -b**3 - 9*b**2 - 8*b. Let d be n(-8). Suppose -z + 3*m + 17 = -29, -5*z + 3*m + 194 = d. Is z prime?
True
Let j = -14 + 18. Suppose -f + 2*o + 229 = 0, -243 = -3*f + j*o + 438. Is f a composite number?
False
Let v(o) = o**3 - 8*o**2 - 2. Is v(11) a prime number?
False
Let k(o) = -4*o**3 - 1. Let l be k(1). Let i = l + 4. Is (42/4)/(i/(-2)) prime?
False
Let y = 79 - 146. Let k = y - -222. Is k prime?
False
Let u(h) = -2*h**2 - 5*h - 2. Let n be u(-3). Let x(z) = -6*z + 7. Is x(n) a prime number?
True
Let b(o) = -179*o + 6. Is b(-7) composite?
False
Suppose 3*y = -0*q + 4*q - 8, -6 = -3*q - 3*y. Suppose 16 = q*k - i - 0*i, -2*k + 6 = 4*i. Suppose -a + 30 = -k. Is a a composite number?
False
Let d = 5 - 5. Let j = -3 + 6. Suppose -j*x = -d*x - 399. Is x a composite number?
True
Let v = 43 - 27. Is (v/24)/((-4)/(-2262)) a prime number?
False
Suppose 5*s = u + 9, -5*u + 15 + 0 = 5*s. Let t be 0*(u + 2/(-4)). Suppose 2*h = -t*h + 74. Is h a composite number?
False
Let g(r) = 11*r - 8. Is g(6) prime?
False
Is 89*3*3/9 composite?
False
Let h = 12 - -39. Is h prime?
False
Let j be 39/15 + 4/10. Is ((-5)/j)/((-6)/54) a prime number?
False
Let x(n) = n**2 - n + 1. Let c be x(2). Suppose 3*f - c = -2*k, 2*k - f - 14 = 9. Let o = 2 + k. Is o composite?
False
Suppose 3*s - 1516 - 1898 = 0. Let z = s + -759. Is z prime?
True
Let f(u) = 49*u**2 - 4*u + 1. Let r be f(-3). Suppose 2*j + 8*b = 3*b + 446, 2*j + 3*b - r = 0. Is j prime?
True
Is 23 + -29 + 850 + -1 a prime number?
False
Is 11*2*15/10 composite?
True
Suppose -5*h = -2*z + 1260 + 302, h - 795 = -z. Is z a composite number?
True
Let d be (15/(-9) + 3)*-6. Let k(z) = z**3 + 10*z**2 + 10*z + 5. Is k(d) a composite number?
False
Let t be -7 + 0 + (5 - 3). Let g(v) = -2*v - 5. Let o be g(t). Is (o/(-2))/1*-10 a prime number?
False
Suppose -6 + 11 = -5*q. Is q/(4/106)*-2 composite?
False
Let p(n) = -9*n - 8. Let w be p(-9). Suppose -32 = -3*s + w. Is s prime?
False
Suppose -3*f = -5*k + 319, 0*k - k = -3*f - 59. Let q = 98 - k. Is q composite?
True
Let r be (0 - 1)*(-3)/3. Is (2/(-6))/(r/(-159)) composite?
False
Suppose -4*c = -634 - 3970. Is c prime?
True
Suppose -p + 5 = -y, -3*y - 5*p + 3*p - 10 = 0. Let u be (y/(-6))/((-5)/(-30)). Suppose u*z - 3*f = 141, 5*z + 5*f + 68 - 218 = 0. Is z prime?
False
Suppose 3*a - 4*q = -3*q + 14, 5*a = -q + 26. Suppose 0 = a*j, -7 = 2*i - 3*j - 17. Suppose 0*c + 481 = 3*w - 4*c, -w - i*c = -173. Is w a composite number?
False
Let l = 245 - 121. Suppose -3*j - j + l = 0. Is j a composite number?
False
Let r(z) = -2*z**3 - z**2 + 20*z + 25. Let p(k) = -k**3 + 10*k + 13. Let m(s) = 11*p(s) - 6*r(s). Is m(-7) a composite number?
True
Is (15 + -14)/((-1)/(-31)) composite?
False
Suppose 3*o + 2*x + 51 = 0, 9*o - x + 98 = 4*o. Let d = -39 - o. Let n = d - -39. Is n composite?
False
Let a(d) = -175*d - 1. Let j be a(1). Let z = j + 333. Is z a composite number?
False
Let s be ((-11)/(-2) - 3)*250. Suppose -s - 219 = -4*m. Is m a composite number?
False
Let r be (-642 + -9)*4/(-6). Suppose 5*h + r = 2829. Is h prime?
True
Let g(h) = 2*h**2 + 18*h - 7. Is g(9) prime?
True
Let a = -1587 - -2256. Is a a prime number?
False
Let d(f) = -f**2 + 6*f - 4. Let p be d(4). Suppose -5*k + 459 = -5*v + 2*v, k + p*v - 101 = 0. Let o = k - 55. Is o a prime number?
False
Suppose 668 = -4*r + 5*c, -c - 4*c = 2*r + 364. Let p = 261 + r. Is p a composite number?
False
Suppose 11*x - 1038 = 9*x. Is x a composite number?
True
Suppose 2*v - 33 = -3*b - 0*v, v + 44 = 4*b. Suppose -a = -b - 47. Is a a prime number?
False
Suppose 3*u - 194 = -53. Let c = 112 - u. Is c prime?
False
Let z(c) = 5*c**2 - 5*c - 3. Let v(o) = 4*o**2 - 6*o - 3. Let j(u) = -4*v(u) + 3*z(u). Is j(8) a composite number?
False
Let j = 0 + 2. Suppose -25 = -g - j*z + 30, -4*g - 5*z + 217 = 0. Is g a prime number?
True
Let q be (354/15)/(3/60). Suppose -4*x - 5*o = -922, 2*x - o = 2*o + q. Is (-6)/10 - x/(-5) a composite number?
True
Let t(f) = -f**3 + 11*f**2 - 9*f - 5. Let o be t(10). Suppose -2*v + 15 = o*w, 2*w - 39 = -4*v + v. Suppose -4*s = -v - 5, -2*s + 320 = 5*h. Is h composite?
True
Let u(s) = s**2 + 4*s + 4. Let n be u(-3). Is (256 - 2)/(1 + n) prime?
True
Let d = 14 - 20. Let k(x) = 5*x + 16. Let z(o) = 11*o + 31. Let s(j) = d*z(j) + 11*k(j). Is s(-7) a composite number?
False
Let g(u) = -96*u + 3. Let d(z) = z**3 - 7*z**2 + 7*z - 9. Let i be d(6). Is g(i) prime?
False
Let z(p) = p**3 - 6*p**2 - 8*p - 8. Suppose 5*x + 20 = 60. Let n be z(x). Suppose -4*a = -0*a - n. Is a composite?
True
Let l(u) = -u**3 - u**2 + 3*u + 2. Is l(-3) a prime number?
True
Let f(a) = -a**3 - 7*a**2 + 6*a + 13. Is f(-9) composite?
True
Let r be 6 + -6 - (-264 + -1). Let o(m) = -m**2 - 3*m + 1. Let p be o(-2). Suppose 2*v = -p*v + r. Is v prime?
True
Suppose 6 + 6 = -4*j, 0 = -3*h + 2*j + 5349. Is h a composite number?
True
Let p(d) = -d - 4. Let r be p(-4). Suppose -a + b + 259 = r, b - 5*b = -2*a + 516. Suppose -4*f = -0*f - a. Is f a prime number?
False
Let x(n) = 8*n**2 - n + 3. Let w be x(-3). Suppose s - 2*j = w, 6*s - s = -3*j + 325. Is s + -1 - 8/4 a prime number?
False
Let b(t) = -t**2 - 5*t - 1. Let a be b(-4). Suppose 23 = -2*y + a*y. Is y prime?
True
Suppose -p - 1051 = -2*o, -p + 1031 = 2*o + 2*p. Suppose 169 = -2*i + o. Is i a composite number?
True
Suppose 2*g = 6*g - 2828. Is g a composite number?
True
Suppose 0*r - 1255 = -r. Is r composite?
True
Let s(a) be the second derivative of 43*a**4/6 - a**3/3 + a**2/2 + a. Suppose 5*w - 22 = 3*d, -3*d - 4*w - w + 28 = 0. Is s(d) a composite number?
True
Let a be 11/((-9)/3 + 4). Let r(x) = -5*x - 14*x + 2 - a*x - 3. Is r(-3) prime?
True
Let i(z) = -3*z**2 + 1. Let v be i(1). Suppose -141 = 2*p + 131. Is (-2 - p)*(-1)/v a composite number?
False
Let z(g) = 5*g**2 + 3*g + 3. Let c(a) = -a**3 + 2*a**2 + 3*a. Let o be c(3). Suppose o*w + 5*x = -4*w - 40, w + 1 = x. Is z(w) prime?
True
Let v(o) = -3 + 2*o**2 - 4*o - 3 + 10*o. Let k be v(4). Suppose -2*t - 5*l = -4*t + k, -t + 5*l = -25. Is t a prime number?
False
Suppose 3*g + 1 = 4. Let d be (1 + -1 + g)*-4. Is d/(-10) - (-633)/5 composite?
False
Let s be (-1010)/(-4) + (-2)/4. Suppose 5*f + s = 3*c, -5*f = 17 - 2. Is c composite?
False
Let r(c) = 3*c**2 + 8*c + 7. Is r(-6) composite?
False
Let m = 51352 + -30545. Is m prime?
True
Suppose u + 2*u - 12 = 0. Let o = 1 + u. Suppose 4*m + 4*s - 31 = 25, o*m = 4*s + 70. Is m a prime number?
False
Let i(z) = 599*z - 7. Is i(6) composite?
True
Let r(h) = h**2 - 2*h - 1. Let c be r(-1). Is 1 + c - (-199 + -3) a composite number?
True
Suppose 18 = 2*p - 3*a, -2*p + 14 = -2*a - 0. Suppose -p*t + 498 = 153. Is t a prime number?
False
Let c = -618 + 1177. Is c a composite number?
True
Suppose -22*g + 154 = -20*g. Is g prime?
False
Suppose 5*s + 3 = -7. Is (2/(-3))/(s/1119) a composite number?
False
Let f = -13 + 33. Suppose 6*z - z - f = 0, 5*t - 5*z = -5. Suppose t*d = 4*d - 6. Is d a prime number?
False
Is ((-12)/(-18))/(6/4311) a prime number?
True
Let p = 366 + 187. Is p prime?
False
Let v be (0 - 8)/(-2) + 1770. Suppose -v = -t - t. Is t composite?
False
Let r(p) = 7*p + 3. Let o(i) = -i - 1. Let b(c) = 6*o(c) + r(c). Let j be b(5). Is 52 + (2 - (-1 + j)) a composite number?
False
Suppose -278 = -19*f + 17*f. Is f prime?
True
Let f(b) = -b**2 + 2*b**2 + b - 1 - 3. Let n be f(-3). Suppose 5*z = q, -5*z = -0*q + n*q - 45. Is q composite?
True
Let i = 70 - 109. Let c = -4 - i. Is c prime?
False
Suppose 0 = 2*k + y - 2*y - 4, 0 = -5*k + 2*y + 10. Suppose 4*v + k*r = 372, -r + 3*r = v - 93. Is v prime?
False
Suppose -6*g = -2*g - 228. Suppose -3*s = -4*s - g. Let h = s - -146. Is h composite?
False
Let q(f) = 5*f**3 - 41*f**2 + f + 4. Is q(11) a composite number?
False
Suppose x + x + 4 = 0. Suppose 0*b = 5*b + 5. Is (1/x)/(b/38) a prime number?
True
Let m = 66 + 31. Is m prime?
True
Suppose -x = -6 + 1. Let o(a) = -a**2 + 4*a. Let v be o(3). Suppose -3*u - v*l + 16 + 74 = 0, -x*l = 5. Is u prime?
True
Is (-4 - (2 + -7)) + 695*2 prime?
False
Let a(g) = -g**3 - 4*g**2 - 3*g + 7. Let l(j) = 6*j**3 + j**2 - j - 1. Suppose 2 = -4*r - 2. Let y be l(r). Is a(y) composite?
